hat is the thousands digit of w(21)?
2
Suppose 3*m - 122501 = 2*g, 5*m + 1391*g - 1389*g - 204179 = 0. What is the ten thousands digit of m?
4
Let b be 60*285*(-3)/(-18). Suppose -4*d - b = -14*d. What is the hundreds digit of d?
2
Let d(o) = 9*o**2 - 179*o + 1649. What is the hundreds digit of d(10)?
7
Let u(n) = -n**3 - 35*n**2 - 36*n - 43. Let o be u(-34). Let t(b) = b**2 - 8*b - 65. What is the hundreds digit of t(o)?
3
Let q(f) = 38*f**2 + 57*f - 81. What is the tens digit of q(-15)?
1
Let u(z) = 2*z**2 - 14*z - 3. Let f be u(-3). Let i = -9 + 48. Let b = i + f. What is the tens digit of b?
9
Suppose -11*l + 6 = -9*l. Let c(o) = 1 - 17*o**l + o**2 - 30*o**3 + 63*o**3. What is the hundreds digit of c(2)?
1
Let s = -34 + 44. Let l(b) = b**2 + b - 1 + 6 + s - 3. What is the tens digit of l(-11)?
2
Suppose 4*i - 1297 = n, 0*n - n = 5*i + 1306. Let d = n - -2781. What is the units digit of d?
0
Let y = 135 + -139. Let w(i) = -45*i - 16. What is the units digit of w(y)?
4
Suppose -2*n = -5*n + z + 1476, n - 4*z - 481 = 0. Let i = n - 114. What is the units digit of i?
9
What is the thousands digit of (-372)/1364*11671/(-1)?
3
Suppose 11*r + 7 = 128. Let l = 3 - 1. What is the units digit of l/((-2)/r)*-7?
7
Let z = 67762 + -41429. What is the units digit of z?
3
Suppose 3 = 17*b - 18*b. Let u be (373 - 3 - b)/(1/1). Let f = -195 + u. What is the hundreds digit of f?
1
Suppose 0 = 3*d + 6, -5*p + 31*d + 4554 = 29*d. Suppose 4*s + p = 7942. What is the units digit of s?
8
Let v(x) = 7*x + 552. What is the tens digit of v(67)?
2
Let g = 6684 - -1656. What is the units digit of g?
0
What is the units digit of (-7)/21 + (-30740)/(-15)?
9
Suppose -45*r + 144590 = -35*r. What is the hundreds digit of r?
4
Let n = -18286 - -88411. What is the thousands digit of n?
0
Let j(i) = -7*i - 66. Let l be j(-10). Suppose -4*u + 1084 = 3*f, -l*f - f = -3*u + 842. What is the tens digit of u?
7
Let l(v) = 50*v + 70. Let m(s) = s**2 + 7*s - 8. Let z be m(-9). What is the units digit of l(z)?
0
Let s(b) = b**3 - 10*b**2 - 14*b - 27. Let c be s(11). Let x be c/8*(-2)/3. Suppose -x*w = -5*g - 400, -3*w + 4*w - 56 = -5*g. What is the units digit of w?
6
Suppose 4005*t - 721277 = 3952*t. What is the hundreds digit of t?
6
Let x be (-1)/(((-4)/(-22))/2). Let a(l) = -5*l - 5*l - 5 + 0 + 2. What is the hundreds digit of a(x)?
1
Suppose 0 = -2*v + t - 909 + 5540, -4*v + 3*t + 9265 = 0. What is the tens digit of 188/423 + v/18?
2
Let b(o) = -2*o**3 + 15*o**2 - 6*o + 7. Let w be b(7). Suppose 16*g = w*g + 598. What is the units digit of g?
9
What is the ten thousands digit of ((-399621)/(-62))/(5/10)?
1
Let t = -7191 + 7215. What is the tens digit of t?
2
Let x = -38 - -75. Let p = x - 33. Suppose 4*y - 3*s = -y + 577, -444 = -p*y - 2*s. What is the hundreds digit of y?
1
Let y = 25285 - 12995. What is the units digit of y?
0
Let a(r) = -1846*r**2 + 5*r - 3. Let k be a(1). Let s = -1234 - k. What is the tens digit of s?
1
Let o = 466 - 183. Let f = o + -118. What is the units digit of f?
5
Suppose 5*f - 20 = -n, -2*f - n = -6 - 2. Let o(j) = 2138*j - 6344. Let c be o(3). Suppose -3*d - c = -f*d. What is the units digit of d?
0
Suppose -3*c - 487 = -4*m - m, -4*c = -5*m + 486. Suppose 0 = -m*v + 94*v + 704. What is the tens digit of v?
7
Suppose 10 = -2*a + 14, 2*d = 3*a + 22304. What is the tens digit of d?
5
Let a(u) = -7 + 4 + 25*u**2 - 24*u**2 - 12 + 4*u. Let v be a(-5). What is the hundreds digit of -5*(v*2 + -3)?
1
Let p(c) be the second derivative of 113*c**5/20 - c**4/4 - c**3/3 + 9*c**2/2 + 98*c. What is the tens digit of p(2)?
9
Suppose -2*g - u + 65993 = 0, 4*u = -5*g + 149034 + 15944. What is the thousands digit of g?
2
Suppose 0*f + 14 = 7*f. What is the tens digit of -6*(f - -111*(-15)/27)?
5
Suppose -t - 121 = 4*h - 6*t, 3*h = -2*t - 85. Let f = h + 32. Suppose -o - 2*q = -54, -f*o - 2*q = -91 - 51. What is the units digit of o?
4
Suppose -n + 6 = s, 0 = 4*s - 2*n - n - 17. Suppose s*o = -m + 20, o + o - 25 = 3*m. What is the tens digit of m*(-2)/(10/65)?
6
Let b = 38095 - 10939. What is the thousands digit of b?
7
Suppose -2306 - 2174 = -7*w. Let t = -195 + w. What is the tens digit of t?
4
Let s(u) = 71*u + 18. Let i be s(4). Suppose -4*j = -3*k + 1347, -i - 134 = -k - 3*j. What is the units digit of k?
5
Suppose 5*j = 2*b + 47072, 3*j - 24261 - 3963 = -2*b. What is the hundreds digit of j?
4
Let o = 33 - -18. Let p = o + -48. Suppose 4*w = 75 - p. What is the tens digit of w?
1
Let v(d) = 377*d + 2110. What is the tens digit of v(20)?
5
What is the thousands digit of (2 - (-684)/3)/(4/74)?
4
Let h = -36630 - -59940. What is the thousands digit of h?
3
Let g(l) = -7*l - 54. Let m be g(-28). Let s = m + 687. What is the tens digit of s?
2
Let i(s) = -8*s**3 + 23*s**2 - 131*s + 14. What is the tens digit of i(-15)?
5
Suppose 411*z = 480*z - 83490. What is the hundreds digit of z?
2
Let a = -584 + 857. Let z = -61 - -67. What is the units digit of 13/(a/z) + (-1888)/(-7)?
0
Suppose -t + 9 = -81. Suppose 30*m = 25*m - t. What is the tens digit of (-5)/(3 + m)*99?
3
Let m(z) = -7*z + 15. Let s be m(-8). Suppose -s = 5*y + 184. What is the units digit of 1*(-2 + 1) - y?
0
Let a = -21 - -42. Suppose 0 = -11*k + a + 1. Suppose o = k*w - 81, -3*w - 3*o + 186 = 60. What is the units digit of w?
1
Let c(w) = -14*w**3 - w**2 - 2*w. Let l be c(-1). Suppose -1509 - l = -6*z. What is the tens digit of z?
5
Suppose 2*x + 720 = 4*k, -2*x - 576 = -2*k + 146. Let y = 561 + x. What is the tens digit of y?
9
Let m(o) = -o. Let n(y) = 18*y + 3. Let j(r) = -r**3 + 6*r**2 + 8*r - 9. Let l be j(7). Let g(u) = l*m(u) - n(u). What is the tens digit of g(-5)?
7
Let v be 5 - (75/30)/(2/(-3764)). Suppose -176 - v = -14*d. What is the units digit of d?
9
Let m = 464 + -262. Let r = m - -1188. What is the units digit of r?
0
Let h(y) be the third derivative of -y**4/24 - 5*y**3/6 + 12*y**2. Let b be h(-15). Suppose -5*i + b = -120. What is the tens digit of i?
2
Let g(r) = -124*r + 949. What is the units digit of g(-19)?
5
Let m be 17 - 19 - 395/(-1). Let o = m - 148. What is the hundreds digit of o?
2
Suppose -h = 1, 3*w - 117*h - 11990 = -118*h. What is the tens digit of w?
9
Suppose 0*g = 4*g. Suppose -157 + 836 = -5*s - 2*j, -2*s - j - 272 = g. Let c = 203 + s. What is the tens digit of c?
6
Suppose 14 = -3*c + 23. Suppose 0 = 5*s + 4*f - 391, 5*f + 2 = c*f. What is the units digit of s?
9
What is the tens digit of -9 - -2 - -9 - 4 - -2568?
6
Suppose 3*i + 39 = -144. Let k = i - -66. Suppose 3*w = -3*b + 213, 4*b + b - k*w - 395 = 0. What is the tens digit of b?
7
Suppose 3*z + 64 = 6*a - 2*a, 0 = -a - 2*z + 5. Suppose 0 = a*t - 2533 - 1744. What is the units digit of t?
9
What is the tens digit of 102*5/90*1086?
5
Let j be (-140)/(-40)*12/14. Suppose -2*a = -3*x + 48, j*x + 0*x + a - 48 = 0. Suppose -h = b - 14, 3*b - 58 = 3*h - x. What is the tens digit of b?
1
Let r be (7 - 1277/(-2))/(2/(-4)). What is the hundreds digit of -1 + 3 - 11/11*r?
2
Let b(v) be the third derivative of -29*v**4/6 - v**3/3 - 18*v**2. Let l be b(-1). Let k = -23 + l. What is the tens digit of k?
9
Suppose -3*w + 40594 = 4*k, 0 = -5*k - 44*w + 50*w + 50723. What is the hundreds digit of k?
1
Suppose -59*s = -55*s - 32. Suppose -s*v = -6595 - 2533. What is the tens digit of v?
4
Let n(l) = -2*l**3 - 21*l**2 - 9*l + 13. Let z be n(-10). Let h be (3 + (-76)/12)/((-1)/z). Suppose -13*o = -h*o - 156. What is the units digit of o?
2
Let p(j) = -2*j**2 + 30*j + 14. Let f be p(15). What is the tens digit of (-6*f/(-3))/((-2)/(-39))?
4
Let y = 72187 - 50336. What is the hundreds digit of y?
8
Let d(o) = 6*o**2 + 69*o - 127. What is the hundreds digit of d(15)?
2
Suppose -5*a + 11*a - 264 = 0. Suppose 17*t - 41 = a. Suppose -3*l + t*l - 228 = 2*g, 5*l = 3*g + 570. What is the hundreds digit of l?
1
Let t = 17831 - 2834. What is the tens digit of t?
9
Suppose -32 = 5*h - 13*h. Suppose -h*t - 3*a = -4142, 1148 = 4*t - a - 3002. What is the thousands digit of t?
1
Suppose -4*m + 850 = 6*m. Suppose -q - m = -727. What is the tens digit of q?
4
Suppose 3*g - 5*g = 11*g. Suppose g = -3*w - 2*c + 1852, -105 = 3*c - 120. What is the hundreds digit of w?
6
Let a be ((-8)/20)/(1/(-7555)). Let l = a + -1794. What is the hundr